m(a) = -a + 1. Determine m(j).
0
Suppose -272*g + 188*g = -1008. Let f(t) = t**3 - 13*t**2 + 15*t - 16. What is f(g)?
20
Let k = -222 - -230. Let t(s) = -s**2 - 3*s + 98. Let u be t(k). Let g(p) = 3*p - 5. Give g(u).
25
Let m = 52 + -49. Let j(i) be the third derivative of -i**4/24 + 5*i**3/6 - 336*i**2. Calculate j(m).
2
Let o(j) be the third derivative of j**6/80 - j**5/60 - j**4/2 - 201*j**2. Let r(u) be the second derivative of o(u). Give r(4).
34
Suppose -151*i + 518 = -137*i. Suppose 4*s + 71 = -57. Let z = i + s. Let u(y) = -2*y + 6. What is u(z)?
-4
Suppose -3*s - x = 4*x - 18, -2*s = -5*x + 13. Let v(y) = y + 7*y - 7*y + s + 0*y. Calculate v(6).
7
Let g(y) = y + 4. Suppose -13*l - 276 = -120. What is g(l)?
-8
Suppose -n = 5*d - 35, -33*d = -34*d + 5*n - 19. Let b(c) = -c + 16. What is b(d)?
10
Let j = -95 - -97. Let l(o) = -18*o + j - 20*o + 34*o. What is l(-2)?
10
Let v(u) = 2*u**3 + 23*u**2 - 13*u. Let x = 6153 - 6165. What is v(x)?
12
Let b(k) = -5*k**2 - 5*k + 5. Let s be -2 + 4 + (-2 - (-4 + 0)). Calculate b(s).
-95
Let y(v) = v**3 - 46*v**2 + 127*v + 91. Let w(j) = -65*j - 1842. Let f be w(-29). Give y(f).
5
Let t(r) = -r + 18. Suppose -11*m = 5*s - 10*m - 465, 2*s - 4*m - 164 = 0. Let j = s + -92. Give t(j).
18
Let j(a) = -3*a**2 - 15*a - 3. Let o(d) = -6*d + 510. Let r be o(86). Determine j(r).
-21
Suppose 5627 - 7403 = -481*b + 9287. Let y(i) = i**3 - 25*i**2 + 42*i + 89. Calculate y(b).
-3
Let k(q) = -8*q**2. Suppose -2*h + 5*z = -32, -h - 8*z + 11*z = -19. Determine k(h).
-8
Suppose 442 = 28046*a - 28012*a. Let k(h) = h**3 - 12*h**2 - 3*h - 7. Give k(a).
123
Let d(f) be the second derivative of -f**4/4 - 8*f**3/3 - 9*f**2 - 27*f + 83. Determine d(-8).
-82
Let a = 544 + -754. Let k = -213 - a. Let n(z) = -z**3 - 2*z**2 + 2*z + 2. Determine n(k).
5
Let l(m) be the first derivative of -71*m**4/4 - 2*m**3/3 + m**2/2 + m - 1529. Determine l(-1).
69
Let j(r) = 30*r**2 + 4*r + 11. Let x(f) = 15*f**2 + 2*f + 5. Suppose 4*y + 2*q = 26, -5*y - 5*q + 48 = 3. Let l(k) = y*j(k) - 9*x(k). Give l(-1).
-14
Let w(x) be the second derivative of -x**6/360 + 3*x**5/40 + x**4/12 + 137*x**3/3 - 239*x. Let j(k) be the second derivative of w(k). Calculate j(5).
22
Let z be (-20)/15*(-1 + 4). Let w be (-2)/(-8) + (-7)/z. Let s(u) = 12*u - 4. Let p(j) = -15*j + 5. Let x(q) = -5*p(q) - 6*s(q). Give x(w).
5
Let f(c) = 66 + 7*c**2 - 8*c**2 + 6*c - 123 + 64. Suppose -a + 19 = 4*v, 4*a - 10 = -3*v + 1. What is f(v)?
12
Let w = 16666 - 16672. Let n(s) = s - 5*s**2 + 2*s**3 + 12*s**2 - 2 - s**3. Determine n(w).
28
Let c(l) = -42*l**2 + 28*l + 11. Let o(i) = -20*i**2 + 8*i + 5. Let t(z) = -6*c(z) + 13*o(z). What is t(-8)?
-1
Let u(y) = -5*y + 3. Let z(n) = -2*n + 2. Let h(t) = -3*u(t) + 5*z(t). Suppose -4*b - 2 = -26. Suppose 4*w - 2 = -b. Calculate h(w).
-4
Let b(k) = k**3 - 9*k**2 + 11*k + 17. Let d(y) = -168*y + 3703. Let l be d(22). What is b(l)?
-4
Suppose 3 + 1 = -y. Let r(n) = 52 + 3*n - 59 + 10. What is r(y)?
-9
Let d = -8640 + 8635. Let y(k) = 2*k + 12. Determine y(d).
2
Let o(d) = -2*d - 419 + 41*d**2 + 418 - d**2. Suppose 4 = -4*y - 4*h, -2*y - h - 4 + 2 = 0. Calculate o(y).
41
Let t(u) = -u**3 - 5*u**2 - 7. Let f be ((-12)/(-21))/(-2 + (-96)/(-42)). Suppose 0 = -10*p + f - 52. What is t(p)?
-7
Let y(n) be the second derivative of -n**4/12 - 19*n**3/6 - 33*n**2 + 8798*n. Calculate y(-12).
18
Let w(p) = 2*p**2 - 5*p + 1. Suppose 266 - 90 = 22*u. Give w(u).
89
Let z = 900 + -895. Let u(v) be the second derivative of -7*v**3/6 + 29*v**2/2 + 3*v - 74. Calculate u(z).
-6
Let d(z) = 7*z - 17. Let s be ((-2)/8)/((-1)/12). Let o(m) = 4*m - 9. Let w(u) = s*d(u) - 5*o(u). Give w(5).
-1
Let w(s) = -s + 15 - 8 + 6. Let u(a) = 569*a + 23904. Let c be u(-42). What is w(c)?
7
Let k(u) = -30*u + 7 - 26*u + 48*u. Let l be k(4). Let d(b) = b**2 + 24*b - 33. Let h be d(l). Let g(i) = i. Calculate g(h).
-8
Suppose 0 = -6*g + 9*g - 24. Let j be 57/12 + 10/g. Let k(v) = -10 + 10*v**2 - 3*v**2 + j*v - 6*v**2. Calculate k(-7).
-3
Let w(o) = o**2 + 15*o - 8. Let g be w(-15). Let n(l) = 7*l + 8*l**2 - 7 - 7*l + l**3. What is n(g)?
-7
Let o(u) = -8*u**3 - u. Suppose -102*v - 61 = -163*v. Calculate o(v).
-9
Let b(n) = n**3 - 15*n**2 + 5. Let s be (-14 + 15)*(3 - 1). Suppose -a + 3 = 0, -20*g + 21 = -19*g + s*a. Calculate b(g).
5
Let b(k) = 3*k**2 + 15*k - 6. Let s be (-5)/(-1) + (2 - (26 - 12)). What is b(s)?
36
Let w(u) = u - 23. Let a be w(-17). Let t = -33 - a. Let f be (t/14 + 0)/(2/(-32)). Let l(n) = -n**2 - 8*n - 2. Give l(f).
-2
Suppose 0 = 4*q - 4*k + 92, 161*q = 155*q + 5*k - 129. Let n(u) be the first derivative of u**3/3 + 13*u**2/2 - 10*u + 1. What is n(q)?
4
Let y(a) = 5*a + 4. Let g(u) = -u - 1. Let h(o) = -4*g(o) - y(o). Let i = -265 - -267. Suppose -4*j + i*j + p = -11, 5*p = -5*j + 65. Give h(j).
-8
Let j(r) be the second derivative of r**5/20 + r**3/6 - r**2 + 8*r - 6. Give j(-3).
-32
Suppose 90 - 14 = 2*g + 5*v, -4*g = 4*v - 140. Let r(c) = c**2 - 31*c + g*c - 7*c. Give r(3).
-6
Suppose -630 - 51 = -3*z. Let v(w) = -w**3 - 7*w - w + 6*w**2 + z - 220. Suppose 20 = 6*t - 2*t. Calculate v(t).
-8
Let q(v) = -10*v + 1. Suppose -3*g - 5*c + 1999 = 752, 4*g - 4*c - 1684 = 0. Let k = 420 - g. Give q(k).
-9
Let n(k) = k**2 + 92*k - 30. Let z(y) = y**2 + 123*y - 30. Let j(f) = 4*n(f) - 3*z(f). Calculate j(6).
0
Let j(b) = -b + 4. Suppose -4*d + 44 = -2*i, 23*d - 4*i - 55 = 18*d. Suppose 29 = 4*g - d. Give j(g).
-6
Suppose -2*x = 5*d + 19, 2 + 4 = -3*d - 3*x. Let k(z) be the second derivative of z**4/12 - z**3/3 - 3*z**2 - 776*z. Calculate k(d).
29
Let k = 18 - 23. Let s(i) = -2*i + 2. Let n(u) = 1. Let q(x) = x + 3. Let c(m) = 4*n(m) - q(m). Let y(g) = k*c(g) + 3*s(g). Give y(-1).
2
Let x(c) = -c**2 - 24*c - 147. Suppose 87*l + 328 + 629 = 0. Give x(l).
-4
Let t(q) = -882*q**2 + q + 881*q**2 + 9 + 0*q + 34. What is t(9)?
-29
Suppose 31*u = 30*u - 2, -2*o = 4*u + 40. Let r(p) = 2*p**2 + 31*p - 29. Give r(o).
-13
Let d(r) = 0*r**2 + 3 + 322*r + 318*r - 644*r + r**3 + r**2. Let p be (2*12/(-42))/(2/(-7)). Give d(p).
7
Let y be ((-1815)/(-2783))/((-4)/(-92)). Let w(d) = -6*d + 109. Determine w(y).
19
Let k(w) = -6*w**3 - 2*w**2 - 2*w - 235. Let g(u) = -u**3 - 26. Let n(d) = 7*g(d) - k(d). Give n(0).
53
Let v(q) = -2*q + 11. Let c(p) = 14*p - 123. Let h(t) = 2*c(t) + 23*v(t). Determine h(1).
-11
Let y(t) = -t**2 + 1. Let m be y(0). Suppose -3*w - 7*d = -8*d - 34, 0 = 2*w + 9*d + 16. Let p(g) = m - g + 2 + w. Determine p(10).
3
Let r be 3/(-4)*(-43 - -39). Suppose -1 = c - j, 2*j - 8 = r*c - 1. Let f(a) = -a**3 - 7*a**2 - 8*a - 8. Calculate f(c).
-18
Let z(y) = -y + 3. Suppose -32 - 155 = -17*w. Suppose -w*b + 224 = -43*b. Give z(b).
10
Suppose -k = 4*t - 55, t + 54 = -11*k + 143. Let w(m) = 13*m - 2 - 2*m**2 + m**2 - 2*m. Give w(t).
-14
Let l(h) = 2*h**2 - 12*h + 8. Let i be 2/13 - (1701/(-117))/3. Calculate l(i).
-2
Let k(b) = 5*b + 13. Suppose -o + 9 = 3*h, 3*h + 82 - 91 = 6*o. Determine k(o).
13
Let t(u) = -u**3 - 13*u**2 - 13*u + 4. Suppose 0 = -196*f + 213*f + 204. Calculate t(f).
16
Let d(r) = r**3 + 5*r**2 - 2*r. Suppose 6*i - 5 = i + 5*a, i = 4*a + 22. What is d(i)?
-24
Let l(h) = -h**3 - 4*h**2 - 10. Suppose 0 = -4*p - 20, -4*z + 2*p = -p + 5. Give l(z).
15
Let n(g) be the third derivative of -g**6/15 + g**4/12 + g**3/6 - 34*g**2. Let m = 7 - 10. Let i = 2 + m. What is n(i)?
7
Let b(s) = s**2 + 22*s - 8. Let h(q) = -2*q**2 + 88*q - 342. Let y be h(4). Give b(y).
-8
Suppose -9*o + 34 = -20. Let u(g) = -2*g + 10. Let d(b) = -b - 1. Let j = -8 + 9. Let q(s) = j*u(s) + 2*d(s). Give q(o).
-16
Let z(f) = -73*f + 1241. Let a be z(17). Let x(s) = -s**3 - 2*s**2 + s + 24. Determine x(a).
24
Let z(j) be the first derivative of -3*j**2 - 53*j - 1784. Calculate z(-8).
-5
Suppose 3*j - 12 = -2*y, -2*j + 0*j = -2*y + 12. Suppose -y = 2*d - 5*p, -p + 8 = -0*d + 3*d. Let b(q) = 2*q**d - 6*q - 6 + 21 - q**2 - 10. Calculate b(4).
-3
Suppose -4*m = -s - 12, -2*m + 5 = 4*s - 1. Let u(z) = 13*z - 1340 + 1328 - z**m + 5*z**2 - 3*z**2 + 6*z**2. What is u(9)?
24
Let a(c) = c - 12. Let h(q) = 2*q**2 + 6*q - 52. Let z be h(4). Suppose -2*i + 2 = z*m, -3*m - 4 = -i - 3*i. Calculate a(m).
-12
Suppose 0 = -2*q - 203 + 217. Let c(r) = -r + 19. Calculate c(q).
12
Let a(p) = -20*p - 178.